 greatest common factor of i and y.
8
Suppose 4*g = 128 - 16. What is the greatest common divisor of 308 and g?
28
Let u be ((-32)/(-6))/(2/6). Calculate the highest common divisor of 160 and u.
16
Let f(i) = 7*i - 6. Suppose -2*r - r + 18 = 0. Let s be f(r). Calculate the greatest common divisor of 4 and s.
4
Suppose 8*p - 3*p = 90. Calculate the highest common divisor of p and 45.
9
Let d(p) = 14*p + 2. Let n be d(1). What is the greatest common factor of 4 and n?
4
Suppose 6*o - o = -5. Let f = 2 - o. Let a(v) = -26*v**3 - 2*v - 1. Let l be a(-1). What is the highest common divisor of f and l?
3
Suppose 3*s + 5*g = 20, 3*s - 13 = -0*s + 2*g. Suppose s*l - 4 = 26. What is the highest common factor of l and 30?
6
Suppose 832 = 9*d - 968. What is the greatest common factor of 40 and d?
40
Suppose -8 = -5*w + 17. Let i(o) be the second derivative of -o**3/6 + 4*o**2 + 2*o. Let u be i(w). Calculate the greatest common divisor of 24 and u.
3
Let r = -43 - -70. Let z = 46 + -28. Calculate the greatest common divisor of r and z.
9
Let q be ((-48)/(-60))/((-2)/(-100)). What is the greatest common factor of 10 and q?
10
Let b(y) = y + 6. Let s be b(-4). Suppose s*j + 5 = 4*c - j, 4 = 4*j. Suppose c*z + 6 = 5*z. What is the highest common divisor of 4 and z?
2
Let u(v) = 15*v + 3. Let z be u(4). Calculate the highest common factor of z and 42.
21
Suppose 3*t - s - 17 = 0, 3*s - 4 = -1. What is the highest common divisor of 9 and t?
3
Suppose -4*b - 1 + 9 = 0. Suppose -20 = -5*d, -4*q + q = b*d - 38. What is the highest common divisor of 40 and q?
10
Let l = 367 - 255. Calculate the greatest common factor of l and 14.
14
Let t(r) = 4*r**3 - 10*r**2 + 4*r. Let m be t(4). Let i = 8 + -16. Let x = i - -22. Calculate the greatest common factor of x and m.
14
Let z be (-4)/16 - (-243)/12. What is the highest common factor of 110 and z?
10
Let j be -10*((-28)/5 - 0). Let t = 12 + -5. Calculate the greatest common divisor of t and j.
7
Let n(a) = a - 3. Let t be n(5). Suppose 0 = -5*i + 12 + 3. Suppose -3 = i*o - 5*f + 6, 0 = -3*o + t*f. Calculate the greatest common divisor of o and 22.
2
Let t be 64/3*21/14. Suppose -t = v - 5*v. Calculate the highest common factor of v and 40.
8
Let p(h) = 6*h**2 + h. Let b be p(-1). What is the highest common divisor of 10 and b?
5
Let n(q) = 2*q**2 - 3*q. Let d be n(2). Suppose -d*r + 31 = -29. What is the greatest common factor of 12 and r?
6
Let w(j) = -j - 1. Let y be w(-5). Suppose p - 36 = s - 4*s, 22 = p - y*s. Let f be p/(0 + 6/16). What is the highest common factor of f and 10?
10
Let g(c) = 4*c - 11. Let y be g(8). Let h be ((-2 + -5)*-1)/1. Calculate the highest common factor of y and h.
7
Let o(b) = 2*b**2 - b - 2. Let i be o(3). Suppose 4*f - f = 6. Suppose 6*j - f*j = 364. What is the highest common divisor of j and i?
13
Suppose -10 = -3*z - 2*j, 5 = 2*z - 4*j - 23. Let c be 17/3 + (-4)/z. Calculate the highest common divisor of c and 25.
5
Let r(a) = 7*a**2 + 7*a. Let w(k) = -4*k**2 - 3*k. Let m(d) = -2*r(d) - 5*w(d). Let b be m(1). What is the greatest common divisor of 1 and b?
1
Let w(t) = t**2 + t - 1. Let q(f) = 4*f**2 - 3*f + 1. Let l(o) = -q(o) + 3*w(o). Let u be l(5). What is the highest common divisor of 3 and u?
1
Suppose -11*d = -58 - 41. What is the highest common factor of d and 144?
9
Suppose -b = 2, -3*p + 22 = -3*b - 2*b. What is the greatest common divisor of 4 and p?
4
Let m = -40 + 76. Suppose -2*r + 2*f + 5 = 3*r, -3*r + 29 = 4*f. Let p be -2 + r/(3/14). Calculate the greatest common factor of m and p.
12
Suppose 0 = -7*c - c + 48. Calculate the highest common divisor of 18 and c.
6
Let n(f) = -5*f - 3. Let l(x) = x**2 - 8*x + 4. Let i be l(6). Let y be n(i). Let h = y + -26. Calculate the highest common divisor of h and 11.
11
Suppose 2*k - 3 = -1. Let d = k - -3. What is the greatest common divisor of d and 12?
4
Let w be (-1 + (-1 - -11))*-5. Let x = w + 122. What is the greatest common divisor of 7 and x?
7
Let n = -4 - -23. Suppose -3*y + 5*u + n = 0, -2*y - 5*u + 28 = -18. Calculate the greatest common divisor of 65 and y.
13
Suppose -p - 2*k = -10, 4*p + k - 6 = 6. Let q be 10 + p/((-2)/2). Suppose 3*t - 53 = -i, 43 = 3*t - 2*i + i. Calculate the greatest common factor of q and t.
8
Let v be ((-8)/(-4))/(2/4). Let p be -1*8*v/(-8). Let f be (-204)/(-28) - p/14. What is the greatest common divisor of 49 and f?
7
Let s(x) = x + 54. Let o be s(-9). What is the greatest common factor of 45 and o?
45
Suppose -2*r = -i + 2*r + 1, -13 = -2*i - 3*r. Suppose 57 = i*p - 4*s, 0*p + 5*s - 21 = -4*p. What is the greatest common factor of 72 and p?
9
Let x(g) = -5*g - 3. Let i be x(-3). Suppose 0 = -0*r - 3*r + i. What is the greatest common divisor of 4 and r?
4
Let p be 40/7 - 6/(-21). What is the greatest common factor of 18 and p?
6
Suppose 2*u - 9 = u. What is the highest common divisor of 9 and u?
9
Let v = 184 + -112. Suppose -3*h + 6*h = v. Let b be 48*2/(4/5). Calculate the greatest common divisor of h and b.
24
Suppose 2*y + 7 = 25. Let b be y/6*2/1. Suppose -d - b*s + 1 = 9, -2*s + 12 = 5*d. Calculate the greatest common divisor of d and 4.
4
Let v(y) be the first derivative of -2*y**2 - 9*y - 1. Suppose 0 = 7*m - 3*m + 24. Let c be v(m). What is the greatest common divisor of 45 and c?
15
Let p be (-5)/20 - (-41)/4. What is the highest common factor of 40 and p?
10
Suppose 15 = -n - 14. Let c = n + 45. Suppose -c = -2*q - 2*q. What is the greatest common divisor of q and 4?
4
Let p = -43 + 171. Suppose -w + 3 = 0, 0*w + p = 5*v + w. Let q = v + -12. What is the highest common divisor of q and 39?
13
Let x(o) = o**2 - o + 3. Let f be x(4). What is the greatest common factor of 10 and f?
5
Suppose 3*n - 75 = -2*n. Let y(z) be the first derivative of z**3/3 - 13*z**2/2 + 17*z - 4. Let a be y(12). Calculate the highest common factor of n and a.
5
Let k be ((-3)/(-4))/(6/(-144)*-6). Calculate the highest common factor of 33 and k.
3
Suppose -10*b = -134 - 16. What is the highest common factor of 6 and b?
3
Suppose -5*u = 5, 3*c + 3*u - 659 = -u. Calculate the highest common divisor of c and 17.
17
Let g be (-1 - 2)*(-38)/3. Let b(l) = -l**3 - 4*l**2 + 2. Let n be b(-4). Suppose -s + g = -n. Calculate the highest common divisor of s and 10.
10
Suppose 2*x - 37 = 11. Let c(s) = s**3 + 6*s**2 - s + 2. Let n be c(-6). Calculate the greatest common factor of x and n.
8
Suppose p = 0, 6*p - p - 6 = -3*s. Suppose -5*h + s*w = -73, 2*w - w = -4. What is the highest common factor of 117 and h?
13
Let s(i) = 2*i**2 - 11*i + 9. Let x be s(7). Calculate the highest common factor of x and 30.
30
Let o(c) = -2*c - 10. Let v be o(-5). Suppose v = -4*n + 6*n - 80. Calculate the greatest common divisor of n and 5.
5
Suppose -3*d + 3*x + 7 = 1, -4*x = -4. Suppose -33 = -p - d. Let q = -61 + 64. Calculate the greatest common factor of p and q.
3
Let n be -1 + -5 + 21/7. Let i = n - -5. Let p be (0 + 2/6)*3. What is the greatest common divisor of p and i?
1
Let z(p) = p**2 + 3 - 3 + p. Let v be z(0). Suppose v = -4*o + 197 + 123. Calculate the highest common factor of o and 10.
10
Let s = -11 + 32. What is the greatest common divisor of s and 84?
21
Let x = 15 - -33. What is the greatest common divisor of 16 and x?
16
Let r = 0 - -4. Let g be 261/2 - 2/4. Suppose g = r*q + q. What is the greatest common divisor of q and 39?
13
Let k = -1 + 23. What is the highest common divisor of 22 and k?
22
Let i be 5 - (-6 - -2)/(-4). Calculate the highest common divisor of 32 and i.
4
Let a(y) be the second derivative of 5/6*y**3 + 1/6*y**4 + y - 2*y**2 + 0. Let p be a(-4). What is the greatest common factor of p and 8?
8
Let v = 3 - -2. Suppose 16 + 9 = v*u, 5*k - 60 = u. What is the greatest common factor of 91 and k?
13
Let n be (6/(-15))/((-2)/60). Let m = -7 - -35. Let x = -10 + m. Calculate the greatest common divisor of n and x.
6
Let r be (1 + 2)*8/(-3). Let m = r + 5. Let j = 4 + m. What is the greatest common factor of 11 and j?
1
Let u(x) = x**2 + 8*x + 2. Let i be u(-8). Let s be 12/2*1/i. Calculate the greatest common factor of s and 3.
3
Suppose 47 = -2*v - 25. Let s = v - -64. Calculate the greatest common factor of 70 and s.
14
Suppose -29 = -5*g + 46. Let i = 91 - 76. What is the highest common d